{"id":103,"date":"2020-05-02T10:47:37","date_gmt":"2020-05-02T09:47:37","guid":{"rendered":"https:\/\/museudeseverdovouga.pt\/foral\/?page_id=103"},"modified":"2023-04-29T12:14:11","modified_gmt":"2023-04-29T11:14:11","slug":"2reforma","status":"publish","type":"page","link":"https:\/\/mm-sever.pt\/foral\/reforma\/2reforma\/","title":{"rendered":"2.2. &#8211; Reforma por D. Manuel 1\u00ba"},"content":{"rendered":"\n<div style=\"height:30px\" aria-hidden=\"true\" class=\"wp-block-spacer\"><\/div>\n\n\n<div class=\"wp-block-image\">\n<figure class=\"alignleft size-large is-resized\"><img loading=\"lazy\" decoding=\"async\" src=\"https:\/\/museudeseverdovouga.pt\/foral\/wp-content\/uploads\/2020\/05\/Manuel_I.jpg\" alt=\"\" class=\"wp-image-116\" width=\"287\" height=\"357\" srcset=\"https:\/\/mm-sever.pt\/foral\/wp-content\/uploads\/2020\/05\/Manuel_I.jpg 574w, https:\/\/mm-sever.pt\/foral\/wp-content\/uploads\/2020\/05\/Manuel_I-242x300.jpg 242w\" sizes=\"auto, (max-width: 287px) 100vw, 287px\" \/><figcaption class=\"wp-element-caption\"><a href=\"https:\/\/commons.wikimedia.org\/wiki\/File:Manuel_I.jpg\" target=\"_blank\" rel=\"noreferrer noopener\">D. Manuel 1\u00ba<\/a><\/figcaption><\/figure>\n<\/div>\n\n\n<p class=\"has-medium-font-size\">Ser\u00e1 D. Manuel 1\u00ba que levar\u00e1 a bom termo a tarefa de reformar os Forais, com a emiss\u00e3o de novos forais, mesmo para aquelas terras que ainda n\u00e3o o tinham, como era Sever.<\/p>\n\n\n\n<p class=\"has-medium-font-size\">\u00c0 semelhan\u00e7a do seu antecessor, nas primeiras Cortes que se realizaram, em Montemor-O-Novo a 1495, os representantes dos Povos voltaram-se a queixar.<br>Diziam que os forais estavam escritos em latim e em portugu\u00eas antigo e que havia muitas disc\u00f3rdias entre os Povos e os oficiais do Rei e opress\u00f5es pelos Senhores das Terras.<\/p>\n\n\n\n<p class=\"has-medium-font-size\">D. Manuel passou \u00e0 ac\u00e7\u00e3o e a 22 de Novembro de 1497, envia uma carta que ordenava que todos os forais fossem verificados e emitidos novos forais actualizados.<\/p>\n\n\n\n<p class=\"has-medium-font-size\">Ao mesmo tempo que desencadeava esta reforma, D. Manuel 1\u00ba tamb\u00e9m executou a reforma dos Pesos e Medidas. Existiam v\u00e1rios pesos e medidas no reino, e isso estava bem vis\u00edvel nos diversos forais antigos. Ent\u00e3o, havia que tornar os pesos e medidas iguais em todo o reino e assim figurarem nos novos forais.<\/p>\n\n\n<div class=\"wp-block-image\">\n<figure class=\"aligncenter size-large\"><img loading=\"lazy\" decoding=\"async\" width=\"771\" height=\"1024\" src=\"https:\/\/museudeseverdovouga.pt\/foral\/wp-content\/uploads\/2020\/05\/Lisboab-771x1024.jpg\" alt=\"\" class=\"wp-image-117\" srcset=\"https:\/\/mm-sever.pt\/foral\/wp-content\/uploads\/2020\/05\/Lisboab-771x1024.jpg 771w, https:\/\/mm-sever.pt\/foral\/wp-content\/uploads\/2020\/05\/Lisboab-226x300.jpg 226w, https:\/\/mm-sever.pt\/foral\/wp-content\/uploads\/2020\/05\/Lisboab-768x1021.jpg 768w, https:\/\/mm-sever.pt\/foral\/wp-content\/uploads\/2020\/05\/Lisboab.jpg 903w\" sizes=\"auto, (max-width: 771px) 100vw, 771px\" \/><figcaption class=\"wp-element-caption\">Foral Manuelino de Lisboa<br>PT\/AMLSB\/CMLSBAH\/CHR\/005\/012\/0001<\/figcaption><\/figure>\n<\/div>\n\n\n<div style=\"height:20px\" aria-hidden=\"true\" class=\"wp-block-spacer\"><\/div>\n\n\n\n<p class=\"has-medium-font-size\">Entre 1500 e 1520 foram emitidos 589 forais, sendo que a grande parte (237) foram emitdos no ano de 1514, como aconteceu com o Foral de Sever. <\/p>\n\n\n\n<div style=\"height:20px\" aria-hidden=\"true\" class=\"wp-block-spacer\"><\/div>\n\n\n\n<h3 class=\"wp-block-heading\"><a href=\"https:\/\/mm-sever.pt\/foral\/reforma\/queixas\/\">&lt;&lt;&lt; 2.1 &#8211; As Queixas dos Povos<\/a><\/h3>\n\n\n\n<h3 class=\"wp-block-heading has-text-align-right\"><a href=\"https:\/\/mm-sever.pt\/foral\/foral\/como\/\">3.1. Como e para quem foi feito? >>><\/a><\/h3>\n\n\n\n<div style=\"height:20px\" aria-hidden=\"true\" class=\"wp-block-spacer\"><\/div>\n","protected":false},"excerpt":{"rendered":"<p>Ser\u00e1 D. Manuel 1\u00ba que levar\u00e1 a bom termo a tarefa de reformar os Forais, com a emiss\u00e3o de novos forais, mesmo para aquelas terras que ainda n\u00e3o o tinham, como era Sever. \u00c0 semelhan\u00e7a do seu antecessor, nas primeiras Cortes que se realizaram, em Montemor-O-Novo a 1495, os representantes dos Povos voltaram-se a queixar.Diziam [&hellip;]<\/p>\n","protected":false},"author":1,"featured_media":70,"parent":98,"menu_order":2,"comment_status":"closed","ping_status":"closed","template":"","meta":{"footnotes":""},"class_list":["post-103","page","type-page","status-publish","has-post-thumbnail","hentry"],"_links":{"self":[{"href":"https:\/\/mm-sever.pt\/foral\/wp-json\/wp\/v2\/pages\/103","targetHints":{"allow":["GET"]}}],"collection":[{"href":"https:\/\/mm-sever.pt\/foral\/wp-json\/wp\/v2\/pages"}],"about":[{"href":"https:\/\/mm-sever.pt\/foral\/wp-json\/wp\/v2\/types\/page"}],"author":[{"embeddable":true,"href":"https:\/\/mm-sever.pt\/foral\/wp-json\/wp\/v2\/users\/1"}],"replies":[{"embeddable":true,"href":"https:\/\/mm-sever.pt\/foral\/wp-json\/wp\/v2\/comments?post=103"}],"version-history":[{"count":5,"href":"https:\/\/mm-sever.pt\/foral\/wp-json\/wp\/v2\/pages\/103\/revisions"}],"predecessor-version":[{"id":256,"href":"https:\/\/mm-sever.pt\/foral\/wp-json\/wp\/v2\/pages\/103\/revisions\/256"}],"up":[{"embeddable":true,"href":"https:\/\/mm-sever.pt\/foral\/wp-json\/wp\/v2\/pages\/98"}],"wp:featuredmedia":[{"embeddable":true,"href":"https:\/\/mm-sever.pt\/foral\/wp-json\/wp\/v2\/media\/70"}],"wp:attachment":[{"href":"https:\/\/mm-sever.pt\/foral\/wp-json\/wp\/v2\/media?parent=103"}],"curies":[{"name":"wp","href":"https:\/\/api.w.org\/{rel}","templated":true}]}}

2.2. &#8211; Reforma por D. Manuel 1º

<div style="height:30px" aria-hidden="true" class="wp-block-spacer"></div>


<div class="wp-block-image">
<figure class="alignleft size-large is-resized"><img loading="lazy" decoding="async" src="https://museudeseverdovouga.pt/foral/wp-content/uploads/2020/05/Manuel_I.jpg" alt="" class="wp-image-116" width="287" height="357" srcset="https://mm-sever.pt/foral/wp-content/uploads/2020/05/Manuel_I.jpg 574w, https://mm-sever.pt/foral/wp-content/uploads/2020/05/Manuel_I-242x300.jpg 242w" sizes="auto, (max-width: 287px) 100vw, 287px" /><figcaption class="wp-element-caption"><a href="https://commons.wikimedia.org/wiki/File:Manuel_I.jpg" target="_blank" rel="noreferrer noopener">D. Manuel 1º</a></figcaption></figure>
</div>


<p class="has-medium-font-size">Será D. Manuel 1º que levará a bom termo a tarefa de reformar os Forais, com a emissão de novos forais, mesmo para aquelas terras que ainda não o tinham, como era Sever.</p>



<p class="has-medium-font-size">À semelhança do seu antecessor, nas primeiras Cortes que se realizaram, em Montemor-O-Novo a 1495, os representantes dos Povos voltaram-se a queixar.<br>Diziam que os forais estavam escritos em latim e em português antigo e que havia muitas discórdias entre os Povos e os oficiais do Rei e opressões pelos Senhores das Terras.</p>



<p class="has-medium-font-size">D. Manuel passou à acção e a 22 de Novembro de 1497, envia uma carta que ordenava que todos os forais fossem verificados e emitidos novos forais actualizados.</p>



<p class="has-medium-font-size">Ao mesmo tempo que desencadeava esta reforma, D. Manuel 1º também executou a reforma dos Pesos e Medidas. Existiam vários pesos e medidas no reino, e isso estava bem visível nos diversos forais antigos. Então, havia que tornar os pesos e medidas iguais em todo o reino e assim figurarem nos novos forais.</p>


<div class="wp-block-image">
<figure class="aligncenter size-large"><img loading="lazy" decoding="async" width="771" height="1024" src="https://museudeseverdovouga.pt/foral/wp-content/uploads/2020/05/Lisboab-771x1024.jpg" alt="" class="wp-image-117" srcset="https://mm-sever.pt/foral/wp-content/uploads/2020/05/Lisboab-771x1024.jpg 771w, https://mm-sever.pt/foral/wp-content/uploads/2020/05/Lisboab-226x300.jpg 226w, https://mm-sever.pt/foral/wp-content/uploads/2020/05/Lisboab-768x1021.jpg 768w, https://mm-sever.pt/foral/wp-content/uploads/2020/05/Lisboab.jpg 903w" sizes="auto, (max-width: 771px) 100vw, 771px" /><figcaption class="wp-element-caption">Foral Manuelino de Lisboa<br>PT/AMLSB/CMLSBAH/CHR/005/012/0001</figcaption></figure>
</div>


<div style="height:20px" aria-hidden="true" class="wp-block-spacer"></div>



<p class="has-medium-font-size">Entre 1500 e 1520 foram emitidos 589 forais, sendo que a grande parte (237) foram emitdos no ano de 1514, como aconteceu com o Foral de Sever. </p>



<div style="height:20px" aria-hidden="true" class="wp-block-spacer"></div>



<h3 class="wp-block-heading"><a href="https://mm-sever.pt/foral/reforma/queixas/">&lt;&lt;&lt; 2.1 &#8211; As Queixas dos Povos</a></h3>



<h3 class="wp-block-heading has-text-align-right"><a href="https://mm-sever.pt/foral/foral/como/">3.1. Como e para quem foi feito? >>></a></h3>



<div style="height:20px" aria-hidden="true" class="wp-block-spacer"></div>

<p>Será D. Manuel 1º que levará a bom termo a tarefa de reformar os Forais, com a emissão de novos forais, mesmo para aquelas terras que ainda não o tinham, como era Sever. À semelhança do seu antecessor, nas primeiras Cortes que se realizaram, em Montemor-O-Novo a 1495, os representantes dos Povos voltaram-se a queixar.Diziam [&hellip;]</p>
