{"id":110,"date":"2020-05-02T12:08:43","date_gmt":"2020-05-02T11:08:43","guid":{"rendered":"https:\/\/museudeseverdovouga.pt\/foral\/?page_id=110"},"modified":"2023-04-29T12:16:49","modified_gmt":"2023-04-29T11:16:49","slug":"mais","status":"publish","type":"page","link":"https:\/\/mm-sever.pt\/foral\/mais\/","title":{"rendered":"4. &#8211; Para Saber Mais"},"content":{"rendered":"\n<div style=\"height:30px\" aria-hidden=\"true\" class=\"wp-block-spacer\"><\/div>\n\n\n\n<p class=\"has-medium-font-size\">Para ficar a saber mais sobre o Foral de Sever do Vouga recomendamos duas obras editadas pela C\u00e2mara Municipal, as quais serviram de base a este trabalho.<\/p>\n\n\n\n\n\n<p class=\"has-medium-font-size\"><em><\/em><br>Ant\u00f3nio Henrique Tavares<br>C\u00e2mara Municipal de Sever do Vouga<br>2014<\/p>\n\n\n\n<p><\/p>\n\n\n\n<div style=\"height:20px\" aria-hidden=\"true\" class=\"wp-block-spacer\"><\/div>\n\n\n\n\n\n<p><\/p>\n\n\n\n<p class=\"has-text-align-right has-medium-font-size\"><em><\/em><br>Fernando Soares Ramos<br>C\u00e2mara Municipal de Sever do Vouga<br>1998<\/p>\n\n\n\n<div style=\"height:20px\" aria-hidden=\"true\" class=\"wp-block-spacer\"><\/div>\n\n\n\n<p class=\"has-medium-font-size\">Recomendamos tamb\u00e9m:<br>   * A Exposi\u00e7\u00e3o &#8220;<a rel=\"noreferrer noopener\" href=\"http:\/\/antt.dglab.gov.pt\/exposicoes-virtuais-2\/o-foral-novo-registos-que-contam-historias\/\" target=\"_blank\">O Foral Novo: registos que contam hist\u00f3rias<\/a>&#8220;, da DGLAB\/ANTT<br>   * <a href=\"https:\/\/sites.google.com\/site\/foraismanuelinos\/home\" target=\"_blank\" rel=\"noreferrer noopener\">Forais Manuelinos<\/a>, de Ant\u00f3nio Matos Reis<\/p>\n\n\n\n<div style=\"height:20px\" aria-hidden=\"true\" class=\"wp-block-spacer\"><\/div>\n\n\n\n<h3 class=\"wp-block-heading\"><a href=\"https:\/\/mm-sever.pt\/foral\/foral\/violencia\/\">&lt;&lt;&lt; 3.5. &#8211; Pena por viol\u00eancia<\/a><\/h3>\n\n\n\n<h3 class=\"wp-block-heading has-text-align-right\"><a href=\"https:\/\/mm-sever.pt\/foral\/para-miudos-e-graudos\/\">5. &#8211; Para mi\u00fados e gra\u00fados >>><\/a><\/h3>\n","protected":false},"excerpt":{"rendered":"<p>Para ficar a saber mais sobre o Foral de Sever do Vouga recomendamos duas obras editadas pela C\u00e2mara Municipal, as quais serviram de base a este trabalho. Ant\u00f3nio Henrique TavaresC\u00e2mara Municipal de Sever do Vouga2014 Fernando Soares RamosC\u00e2mara Municipal de Sever do Vouga1998 Recomendamos tamb\u00e9m: * A Exposi\u00e7\u00e3o &#8220;O Foral Novo: registos que contam hist\u00f3rias&#8220;, [&hellip;]<\/p>\n","protected":false},"author":1,"featured_media":70,"parent":0,"menu_order":50,"comment_status":"closed","ping_status":"closed","template":"","meta":{"footnotes":""},"class_list":["post-110","page","type-page","status-publish","has-post-thumbnail","hentry"],"_links":{"self":[{"href":"https:\/\/mm-sever.pt\/foral\/wp-json\/wp\/v2\/pages\/110","targetHints":{"allow":["GET"]}}],"collection":[{"href":"https:\/\/mm-sever.pt\/foral\/wp-json\/wp\/v2\/pages"}],"about":[{"href":"https:\/\/mm-sever.pt\/foral\/wp-json\/wp\/v2\/types\/page"}],"author":[{"embeddable":true,"href":"https:\/\/mm-sever.pt\/foral\/wp-json\/wp\/v2\/users\/1"}],"replies":[{"embeddable":true,"href":"https:\/\/mm-sever.pt\/foral\/wp-json\/wp\/v2\/comments?post=110"}],"version-history":[{"count":5,"href":"https:\/\/mm-sever.pt\/foral\/wp-json\/wp\/v2\/pages\/110\/revisions"}],"predecessor-version":[{"id":262,"href":"https:\/\/mm-sever.pt\/foral\/wp-json\/wp\/v2\/pages\/110\/revisions\/262"}],"wp:featuredmedia":[{"embeddable":true,"href":"https:\/\/mm-sever.pt\/foral\/wp-json\/wp\/v2\/media\/70"}],"wp:attachment":[{"href":"https:\/\/mm-sever.pt\/foral\/wp-json\/wp\/v2\/media?parent=110"}],"curies":[{"name":"wp","href":"https:\/\/api.w.org\/{rel}","templated":true}]}}

<div style="height:30px" aria-hidden="true" class="wp-block-spacer"></div>



<p class="has-medium-font-size">Para ficar a saber mais sobre o Foral de Sever do Vouga recomendamos duas obras editadas pela Câmara Municipal, as quais serviram de base a este trabalho.</p>





<p class="has-medium-font-size"><em></em><br>António Henrique Tavares<br>Câmara Municipal de Sever do Vouga<br>2014</p>



<p></p>



<div style="height:20px" aria-hidden="true" class="wp-block-spacer"></div>





<p></p>



<p class="has-text-align-right has-medium-font-size"><em></em><br>Fernando Soares Ramos<br>Câmara Municipal de Sever do Vouga<br>1998</p>



<div style="height:20px" aria-hidden="true" class="wp-block-spacer"></div>



<p class="has-medium-font-size">Recomendamos também:<br>   * A Exposição &#8220;<a rel="noreferrer noopener" href="http://antt.dglab.gov.pt/exposicoes-virtuais-2/o-foral-novo-registos-que-contam-historias/" target="_blank">O Foral Novo: registos que contam histórias</a>&#8220;, da DGLAB/ANTT<br>   * <a href="https://sites.google.com/site/foraismanuelinos/home" target="_blank" rel="noreferrer noopener">Forais Manuelinos</a>, de António Matos Reis</p>



<div style="height:20px" aria-hidden="true" class="wp-block-spacer"></div>



<h3 class="wp-block-heading"><a href="https://mm-sever.pt/foral/foral/violencia/">&lt;&lt;&lt; 3.5. &#8211; Pena por violência</a></h3>



<h3 class="wp-block-heading has-text-align-right"><a href="https://mm-sever.pt/foral/para-miudos-e-graudos/">5. &#8211; Para miúdos e graúdos >>></a></h3>

<p>Para ficar a saber mais sobre o Foral de Sever do Vouga recomendamos duas obras editadas pela Câmara Municipal, as quais serviram de base a este trabalho. António Henrique TavaresCâmara Municipal de Sever do Vouga2014 Fernando Soares RamosCâmara Municipal de Sever do Vouga1998 Recomendamos também: * A Exposição &#8220;O Foral Novo: registos que contam histórias&#8220;, [&hellip;]</p>
