{"id":7,"date":"2020-05-01T21:13:20","date_gmt":"2020-05-01T20:13:20","guid":{"rendered":"https:\/\/museudeseverdovouga.pt\/foral\/?page_id=7"},"modified":"2023-04-29T12:03:54","modified_gmt":"2023-04-29T11:03:54","slug":"forais","status":"publish","type":"page","link":"https:\/\/mm-sever.pt\/foral\/forais\/","title":{"rendered":"1 &#8211; Forais, o que eram?"},"content":{"rendered":"\n<div style=\"height:30px\" aria-hidden=\"true\" class=\"wp-block-spacer\"><\/div>\n\n\n\n<p class=\"has-medium-font-size\">Nos s\u00e9culos 12 e 13, no inicio da nossa nacionalidade, os forais eram documentos em que o Rei ou um Senhor dava aos moradores de uma terra determinadas regalias e privil\u00e9gios.<\/p>\n\n\n\n<p class=\"has-medium-font-size\">Podia ser apenas aos moradores de uma povoa\u00e7\u00e3o ou de um territ\u00f3rio com v\u00e1rias povoa\u00e7\u00f5es, por vezes fixando os limites desse territ\u00f3rio, a que hoje chamar\u00edamos concelho.<\/p>\n\n\n\n<p class=\"has-medium-font-size\">Os forais mais antigos tinham como objectivo fixar popula\u00e7\u00e3o em zonas conquistadas h\u00e1 pouco tempo e que estavam despovoadas ou quase. Ofereciam-se terras para cultivo e outras regalias em troca do pagamento de certos tributos.<\/p>\n\n\n\n<p class=\"has-medium-font-size\">Os menos antigos j\u00e1 tinham como objectivo fixar os direitos e os deveres dos habitantes e da rela\u00e7\u00e3o entre si e com o Rei ou o Senhor da terra. Estes podiam tamb\u00e9m referir os \u00f3rg\u00e3os do concelho, o equivalente \u00e0s actuais c\u00e2maras e assembleias municipais.<\/p>\n\n\n<div class=\"wp-block-image\">\n<figure class=\"aligncenter size-large\"><img loading=\"lazy\" decoding=\"async\" width=\"935\" height=\"1024\" src=\"https:\/\/museudeseverdovouga.pt\/foral\/wp-content\/uploads\/2020\/05\/PinhelB-935x1024.jpg\" alt=\"\" class=\"wp-image-115\" srcset=\"https:\/\/mm-sever.pt\/foral\/wp-content\/uploads\/2020\/05\/PinhelB-935x1024.jpg 935w, https:\/\/mm-sever.pt\/foral\/wp-content\/uploads\/2020\/05\/PinhelB-274x300.jpg 274w, https:\/\/mm-sever.pt\/foral\/wp-content\/uploads\/2020\/05\/PinhelB-768x841.jpg 768w, https:\/\/mm-sever.pt\/foral\/wp-content\/uploads\/2020\/05\/PinhelB.jpg 1035w\" sizes=\"auto, (max-width: 935px) 100vw, 935px\" \/><figcaption class=\"wp-element-caption\">Foral de Pinhel.<br> <a rel=\"noreferrer noopener\" href=\"https:\/\/digitarq.arquivos.pt\/details?id=4516636\" target=\"_blank\">PT\/TT\/FC\/001\/413<\/a><\/figcaption><\/figure>\n<\/div>\n\n\n<div style=\"height:20px\" aria-hidden=\"true\" class=\"wp-block-spacer\"><\/div>\n\n\n\n<p class=\"has-medium-font-size\">O conte\u00fado de cada foral n\u00e3o era igual em todos, variava de foral para foral podendo tratar os seguintes assuntos:<\/p>\n\n\n\n<ul class=\"wp-block-list\">\n<li>liberdades e privil\u00e9gios dos povoadores<\/li>\n\n\n\n<li>impostos<\/li>\n\n\n\n<li>normas sobre o servi\u00e7o militar<\/li>\n\n\n\n<li>normas para o uso dos maninhos, que eram os terrenos comunit\u00e1rios<\/li>\n\n\n\n<li>direitos e deveres dos cavaleiros e dos pe\u00f5es<\/li>\n\n\n\n<li>administra\u00e7\u00e3o da justi\u00e7a e as penas a aplicar aos criminosos<\/li>\n<\/ul>\n\n\n\n<p class=\"has-medium-font-size\">Nos s\u00e9culos 13 e 14 os forais foram perdendo import\u00e2ncia com o evoluir da organiza\u00e7\u00e3o social e um aumento do poder real. Por outro lado, os Senhores das terras alteravam os forais a seu gosto prejudicando as popula\u00e7\u00f5es.<\/p>\n\n\n\n<p class=\"has-medium-font-size\">Assim, as popula\u00e7\u00f5es foram reclamando e pedindo ao Rei que fizesse uma revis\u00e3o e actualiza\u00e7\u00e3o dos Forais fixando os direitos e deveres de cada terra ou concelho. \u00c9 assim que surge a &#8220;Reforma dos Forais&#8221;.<\/p>\n\n\n\n<div style=\"height:30px\" aria-hidden=\"true\" class=\"wp-block-spacer\"><\/div>\n\n\n\n<h3 class=\"wp-block-heading has-text-align-right\"><a href=\"https:\/\/mm-sever.pt\/foral\/reforma-dos-forais\/queixas\/\">2.1. &#8211; As queixas dos Povos >>><\/a><\/h3>\n\n\n\n<div style=\"height:30px\" aria-hidden=\"true\" class=\"wp-block-spacer\"><\/div>\n","protected":false},"excerpt":{"rendered":"<p>Nos s\u00e9culos 12 e 13, no inicio da nossa nacionalidade, os forais eram documentos em que o Rei ou um Senhor dava aos moradores de uma terra determinadas regalias e privil\u00e9gios. Podia ser apenas aos moradores de uma povoa\u00e7\u00e3o ou de um territ\u00f3rio com v\u00e1rias povoa\u00e7\u00f5es, por vezes fixando os limites desse territ\u00f3rio, a que [&hellip;]<\/p>\n","protected":false},"author":1,"featured_media":70,"parent":0,"menu_order":1,"comment_status":"closed","ping_status":"closed","template":"","meta":{"footnotes":""},"class_list":["post-7","page","type-page","status-publish","has-post-thumbnail","hentry"],"_links":{"self":[{"href":"https:\/\/mm-sever.pt\/foral\/wp-json\/wp\/v2\/pages\/7","targetHints":{"allow":["GET"]}}],"collection":[{"href":"https:\/\/mm-sever.pt\/foral\/wp-json\/wp\/v2\/pages"}],"about":[{"href":"https:\/\/mm-sever.pt\/foral\/wp-json\/wp\/v2\/types\/page"}],"author":[{"embeddable":true,"href":"https:\/\/mm-sever.pt\/foral\/wp-json\/wp\/v2\/users\/1"}],"replies":[{"embeddable":true,"href":"https:\/\/mm-sever.pt\/foral\/wp-json\/wp\/v2\/comments?post=7"}],"version-history":[{"count":11,"href":"https:\/\/mm-sever.pt\/foral\/wp-json\/wp\/v2\/pages\/7\/revisions"}],"predecessor-version":[{"id":253,"href":"https:\/\/mm-sever.pt\/foral\/wp-json\/wp\/v2\/pages\/7\/revisions\/253"}],"wp:featuredmedia":[{"embeddable":true,"href":"https:\/\/mm-sever.pt\/foral\/wp-json\/wp\/v2\/media\/70"}],"wp:attachment":[{"href":"https:\/\/mm-sever.pt\/foral\/wp-json\/wp\/v2\/media?parent=7"}],"curies":[{"name":"wp","href":"https:\/\/api.w.org\/{rel}","templated":true}]}}

<div style="height:30px" aria-hidden="true" class="wp-block-spacer"></div>



<p class="has-medium-font-size">Nos séculos 12 e 13, no inicio da nossa nacionalidade, os forais eram documentos em que o Rei ou um Senhor dava aos moradores de uma terra determinadas regalias e privilégios.</p>



<p class="has-medium-font-size">Podia ser apenas aos moradores de uma povoação ou de um território com várias povoações, por vezes fixando os limites desse território, a que hoje chamaríamos concelho.</p>



<p class="has-medium-font-size">Os forais mais antigos tinham como objectivo fixar população em zonas conquistadas há pouco tempo e que estavam despovoadas ou quase. Ofereciam-se terras para cultivo e outras regalias em troca do pagamento de certos tributos.</p>



<p class="has-medium-font-size">Os menos antigos já tinham como objectivo fixar os direitos e os deveres dos habitantes e da relação entre si e com o Rei ou o Senhor da terra. Estes podiam também referir os órgãos do concelho, o equivalente às actuais câmaras e assembleias municipais.</p>


<div class="wp-block-image">
<figure class="aligncenter size-large"><img loading="lazy" decoding="async" width="935" height="1024" src="https://museudeseverdovouga.pt/foral/wp-content/uploads/2020/05/PinhelB-935x1024.jpg" alt="" class="wp-image-115" srcset="https://mm-sever.pt/foral/wp-content/uploads/2020/05/PinhelB-935x1024.jpg 935w, https://mm-sever.pt/foral/wp-content/uploads/2020/05/PinhelB-274x300.jpg 274w, https://mm-sever.pt/foral/wp-content/uploads/2020/05/PinhelB-768x841.jpg 768w, https://mm-sever.pt/foral/wp-content/uploads/2020/05/PinhelB.jpg 1035w" sizes="auto, (max-width: 935px) 100vw, 935px" /><figcaption class="wp-element-caption">Foral de Pinhel.<br> <a rel="noreferrer noopener" href="https://digitarq.arquivos.pt/details?id=4516636" target="_blank">PT/TT/FC/001/413</a></figcaption></figure>
</div>


<div style="height:20px" aria-hidden="true" class="wp-block-spacer"></div>



<p class="has-medium-font-size">O conteúdo de cada foral não era igual em todos, variava de foral para foral podendo tratar os seguintes assuntos:</p>



<ul class="wp-block-list">
<li>liberdades e privilégios dos povoadores</li>



<li>impostos</li>



<li>normas sobre o serviço militar</li>



<li>normas para o uso dos maninhos, que eram os terrenos comunitários</li>



<li>direitos e deveres dos cavaleiros e dos peões</li>



<li>administração da justiça e as penas a aplicar aos criminosos</li>
</ul>



<p class="has-medium-font-size">Nos séculos 13 e 14 os forais foram perdendo importância com o evoluir da organização social e um aumento do poder real. Por outro lado, os Senhores das terras alteravam os forais a seu gosto prejudicando as populações.</p>



<p class="has-medium-font-size">Assim, as populações foram reclamando e pedindo ao Rei que fizesse uma revisão e actualização dos Forais fixando os direitos e deveres de cada terra ou concelho. É assim que surge a &#8220;Reforma dos Forais&#8221;.</p>



<div style="height:30px" aria-hidden="true" class="wp-block-spacer"></div>



<h3 class="wp-block-heading has-text-align-right"><a href="https://mm-sever.pt/foral/reforma-dos-forais/queixas/">2.1. &#8211; As queixas dos Povos >>></a></h3>



<div style="height:30px" aria-hidden="true" class="wp-block-spacer"></div>

<p>Nos séculos 12 e 13, no inicio da nossa nacionalidade, os forais eram documentos em que o Rei ou um Senhor dava aos moradores de uma terra determinadas regalias e privilégios. Podia ser apenas aos moradores de uma povoação ou de um território com várias povoações, por vezes fixando os limites desse território, a que [&hellip;]</p>
